 -2)) is divided by 34.
33
Suppose 4*y + 4 = 4*f, -f + 3*y + 3 = f. Calculate the remainder when (f + 2 - -13) + -2 is divided by 5.
3
Let j(k) = -2*k - k + k + 2*k**2 - 4 + 7. Calculate the remainder when 44 is divided by j(3).
14
Suppose 4*h + 84 = 3*l + h, -4*l + 3*h + 112 = 0. What is the remainder when 110 is divided by l?
26
Let q(r) = 42*r**2 + r - 1. Let c be q(1). Let j = c + -29. What is the remainder when 50 is divided by j?
11
Let b(a) = 3*a - 11. Let q be b(5). Suppose -4*k - 49 = -z - 158, k + q*z = 6. What is the remainder when k is divided by 9?
8
Suppose -j - 4*j - 2*i = -97, -j + 29 = -2*i. What is the remainder when 83 is divided by j?
20
Suppose 6 = -0*n + 2*n. Suppose 5*m = n*j + 17, -m + 2*j = 5*j - 7. What is the remainder when (-86)/(-6)*(-1 + m) is divided by 15?
13
Let s = -42 - -84. Suppose -5 = -5*y + 15. Suppose -y*g = -8*g + 44. What is the remainder when s is divided by g?
9
Let x(k) be the second derivative of k**4/6 - k**3/2 + k**2 + 2*k. Let y(t) = -t + 2. Let u be y(6). Calculate the remainder when x(u) is divided by 16.
14
Suppose 5*l + 63 + 55 = 4*n, 92 = 3*n - 2*l. What is the remainder when 63 is divided by n?
31
Suppose -3*x + 4*k + 18 = 2, 3*k = 4*x - 19. Let a = x - 0. Suppose -a*y - 3*h = -42, -3*y + 4*h + 28 = y. What is the remainder when 16 is divided by y?
7
Let y(b) = 2*b**2 + 4*b - 8. Calculate the remainder when y(-5) is divided by 13.
9
Let w = 22 - 4. What is the remainder when w is divided by 10?
8
Let c = -8 + 11. What is the remainder when 20*1/3*c is divided by 7?
6
Let m(l) = -l**2 + l + 280. Let b be m(0). Suppose -4*s - 3*u = -b, -2*s = u - 75 - 67. Calculate the remainder when s is divided by 19.
16
Suppose -w - 133 = -3*q, 4*q - 121 = 5*w + 38. Calculate the remainder when q is divided by 15.
1
Suppose -b = 2*b. What is the remainder when (b/(-1))/3 + 22 is divided by (-50)/(-6) + 2/(-6)?
6
Calculate the remainder when 59/(-2 + 0 + 3) is divided by ((-248)/16)/((-1)/2).
28
Suppose 3*n + 2*l - 28 = -2, -2*n + 18 = 2*l. Calculate the remainder when 29 is divided by n.
5
Suppose q + 3*q = 68. Suppose x - 15 = 4*x. Let j = 1 - x. What is the remainder when q is divided by j?
5
Let u(p) = p**3 + 2*p**2 + 3*p + 2. Let i be u(-2). Suppose -5*n + 9 = 2*a - 4*n, -3*n = -15. Calculate the remainder when (1*2)/((-2)/i) is divided by a.
0
Suppose 0*o + 58 = 2*o. Calculate the remainder when o is divided by 15.
14
Let w = -12 - -22. Let k be 2/6 - 6/(-9). What is the remainder when w is divided by (-5 + 3)/(k/(-2))?
2
Suppose -2*m + 5 = 3*m. Let s = m - 3. Let x = 4 - s. Calculate the remainder when 11 is divided by x.
5
Let u = 6 - 2. Suppose u*s + 2*l - l - 131 = 0, -s - 4*l + 29 = 0. Calculate the remainder when s is divided by 9.
6
Let a be (-2)/(5/((-30)/(-4))). Let i = a + 7. Calculate the remainder when 11 is divided by i.
3
Let m = 13 + -32. Let w = -8 - m. What is the remainder when 21 is divided by w?
10
Let i = 65 + -49. What is the remainder when 79 is divided by i?
15
Suppose 18 = 4*y - 26. Calculate the remainder when (4 - 0 - 0)/((-1)/(-8)) is divided by y.
10
Suppose -13*l + 16*l = -6. What is the remainder when 7 is divided by l/4 + (-49)/(-14)?
1
Let q(v) = v**2 + 5*v + 3. Suppose -5*k = 4*y - 0*k, -11 = 3*y + k. Let x be q(y). Suppose x*g + 36 = 5*g. What is the remainder when 52 is divided by g?
16
Let v be (-1 - 44)/(-2 + 1). Calculate the remainder when 55 is divided by 837/v + (-4)/(-10).
17
Suppose 4*d = -0*d + 280. Suppose -5*c + 205 = d. What is the remainder when c is divided by 7?
6
Suppose 52 = 2*o - 38. Calculate the remainder when o is divided by 23.
22
Let g(q) = -q**3 - q**2 - 3*q + 2. Let n be g(1). Suppose 3*c - c = l - 6, 2*c = 5*l + 10. What is the remainder when 8/30*n*c is divided by 3?
1
Suppose -3*w + 103 = 2*c - 7*c, 0 = 4*w - 2*c - 156. What is the remainder when 75 is divided by w?
34
Suppose r - 2*d = -1 + 2, -d = -3. What is the remainder when 33 is divided by r?
5
Let a = 8 + -5. Suppose -170 = -5*d - 0*u + u, -5*u = -a*d + 102. Calculate the remainder when d is divided by 3*(-2)/(-3) - -10.
10
Let o(q) = -6*q - 20. Calculate the remainder when o(-9) is divided by 18.
16
Suppose 0 = -5*b + 3*i + 74, 5*b = -3*i + 13 + 73. Calculate the remainder when 94 is divided by b.
14
Suppose 6 = -2*h, -5*l + 3*h = -905 - 49. What is the remainder when l is divided by 24?
21
Suppose -5 - 39 = -4*k. What is the remainder when 130/4 + (-1)/2 is divided by k?
10
Suppose 30 = -2*n + 5*n. Suppose 158 = -4*q - 126. Calculate the remainder when q/(-4) - (-1)/4 is divided by n.
8
Let h(b) = -b**2 + 3*b + 17. Calculate the remainder when h(0) is divided by 10.
7
Let z(b) = -b + 2. Suppose -2*i = -5*i + 57. What is the remainder when i is divided by z(-3)?
4
Suppose 142 = 5*k - 18. Let p be (-27)/(-2)*16/12. Suppose -p = -m - 7. What is the remainder when k is divided by m?
10
Let t = -5 - 0. Let m = t + 9. Suppose 0 = -4*y + 8, 4*y = -2*z + 14. What is the remainder when m is divided by z?
1
Let t(i) = -4*i**3 + 3*i**2 + 5*i**3 + 2 - 6*i**2. Let d be t(2). What is the remainder when -94*(2 + 5/d) is divided by 16?
15
Suppose -4*r = 3*k + 11, 3*r + 3*k = -6 - 0. Let a = -7 - r. Calculate the remainder when 23 is divided by 4/((-5)/a + -2).
7
Suppose 0 = -2*i + 3*c - 6, c - 3 = 1. Suppose -6*u + j = -2*u - 26, i*u - 5*j = 11. Suppose b - 4*b = -75. Calculate the remainder when b is divided by u.
4
Let a(y) = -4*y + 51. What is the remainder when 17 is divided by a(11)?
3
Let c(z) = -4*z - 7 + 7. What is the remainder when 14 is divided by c(-1)?
2
Suppose -5*z + 35 + 140 = 0. What is the remainder when z is divided by 13?
9
Let t(s) = s**2 - 13*s + 13. Calculate the remainder when 3 is divided by t(12).
0
Suppose 4*l = 2*l + 26. Let s(b) = b**3 + 3*b**2 - 5*b - 4. Let c be s(-4). What is the remainder when 1*39 - (c - -2) is divided by l?
11
Suppose 4*b - 45 = -b. What is the remainder when 11 is divided by b?
2
Let b = -19 + 27. Let o(i) = -i**2 - 9*i - 4. Suppose -4*p + 3*f + 0 = 36, 2*p + 32 = 5*f. What is the remainder when o(p) is divided by b?
6
Suppose 0 = 3*z - 343 - 86. What is the remainder when z is divided by 24?
23
Suppose 3*t - 4*t = -16. Suppose 4*f = 4 + t. Calculate the remainder when 19 is divided by f.
4
Let o(m) = m**3 - 5*m**2 - 9*m - 8. Suppose -3*u - 37 = 2*z, z + 4 + 13 = -u. What is the remainder when o(7) is divided by (1 - (z - -1)) + 0?
13
Let p = -25 + 43. Let w = 3 + p. Calculate the remainder when w is divided by 8.
5
What is the remainder when 6 + (0 + -4)/(-4) is divided by 1?
0
Suppose 5*j - 3*u = 3*j + 49, -9 = -3*u. Calculate the remainder when 201 is divided by j.
27
Suppose 5*s - 4*u = 341, -3*u = 2*s + 2*s - 248. What is the remainder when s is divided by 6?
5
Let b = -94 + 66. Let t = 3 - b. Calculate the remainder when t is divided by 11.
9
Suppose 0 = 20*p + 6*p - 4420. Calculate the remainder when p is divided by 43.
41
Let p be 0 + 2 + (-2)/1. Suppose 49 = d - p*d. Calculate the remainder when d is divided by 13.
10
Suppose -3*b + 13 = -c - 0, -4*c - 31 = -5*b. Suppose b*h - 18 = 2*h. Calculate the remainder when 69 is divided by h.
15
Let b(l) = 3*l - 1 - 2*l**2 + l**3 + 5 - 7. What is the remainder when b(4) is divided by 15?
11
Let u = 55 - 47. Let i = -8 - -5. Calculate the remainder when (13/i)/(1/(-3)) is divided by u.
5
Suppose 0*c - 5*c = -65. Let h be (-7 - -10)*(-158)/(-6). Let m = h + -42. What is the remainder when m is divided by c?
11
Let l(f) = f**2 - 3*f + 2. Calculate the remainder when l(6) is divided by 11.
9
Let w = 68 + -41. Suppose 0 = 5*q + 17 - 47. Suppose -x = -q - 8. What is the remainder when w is divided by x?
13
Calculate the remainder when 125 + 0 + (-8)/6*3 is divided by 25.
21
Suppose 5*w + 5 = 6*w. Let h = 16 - 9. What is the remainder when h is divided by w?
2
Suppose 0 = g + u - 0*u - 48, -g = -u - 56. What is the remainder when g is divided by 18?
16
Let p = 20 + 9. Let r be 1/((-3 - -2)/(-43)). Suppose 4*j - 3*t = 57, -2*t = -3*j - 0*j + r. Calculate the remainder when p is divided by j.
14
Suppose 5*o + 3*f = -2*f + 65, -3 = -o + f. Calculate the remainder when 127 is divided by o.
7
Suppose 0 = 5*s - 5, -5*c + s = -s - 78. Let y(k) = -48*k**3 - 2*k**2 + k + 2. What is the remainder when 